1571?
5
What is the tens digit of 6004?
0
What is the tens digit of 19029?
2
What is the units digit of 52204?
4
What is the units digit of 3701?
1
What is the thousands digit of 3000?
3
What is the units digit of 5882?
2
What is the units digit of 43297?
7
What is the units digit of 22574?
4
What is the hundreds digit of 7640?
6
What is the ten thousands digit of 113422?
1
What is the units digit of 386?
6
What is the hundreds digit of 149074?
0
What is the thousands digit of 12638?
2
What is the hundreds digit of 7263?
2
What is the tens digit of 1442?
4
What is the units digit of 2176?
6
What is the units digit of 7747?
7
What is the tens digit of 1569?
6
What is the units digit of 3088?
8
What is the tens digit of 142774?
7
What is the thousands digit of 2529?
2
What is the units digit of 73410?
0
What is the hundreds digit of 621?
6
What is the thousands digit of 1001?
1
What is the hundreds digit of 1803?
8
What is the tens digit of 3453?
5
What is the units digit of 649?
9
What is the tens digit of 511?
1
What is the tens digit of 833?
3
What is the tens digit of 2135?
3
What is the tens digit of 668?
6
What is the units digit of 3083?
3
What is the units digit of 87?
7
What is the thousands digit of 1119?
1
What is the thousands digit of 3909?
3
What is the tens digit of 2320?
2
What is the units digit of 3780?
0
What is the units digit of 4114?
4
What is the units digit of 23520?
0
What is the hundreds digit of 4187?
1
What is the units digit of 1296?
6
What is the units digit of 1465?
5
What is the units digit of 1785?
5
What is the ten thousands digit of 21936?
2
What is the hundreds digit of 78338?
3
What is the tens digit of 8162?
6
What is the tens digit of 1284?
8
What is the tens digit of 266?
6
What is the tens digit of 1390?
9
What is the units digit of 1683?
3
What is the hundreds digit of 882?
8
What is the tens digit of 3296?
9
What is the units digit of 4823?
3
What is the thousands digit of 6063?
6
What is the tens digit of 734?
3
What is the hundreds digit of 1842?
8
What is the tens digit of 5891?
9
What is the units digit of 1862?
2
What is the tens digit of 1763?
6
What is the units digit of 2710?
0
What is the tens digit of 10389?
8
What is the units digit of 191?
1
What is the units digit of 3658?
8
What is the thousands digit of 4950?
4
What is the hundreds digit of 1781?
7
What is the units digit of 1457?
7
What is the hundreds digit of 3055?
0
What is the tens digit of 282?
8
What is the ten thousands digit of 22478?
2
What is the hundreds digit of 36100?
1
What is the tens digit of 2386?
8
What is the thousands digit of 7041?
7
What is the thousands digit of 18129?
8
What is the hundreds digit of 3756?
7
What is the hundreds digit of 5006?
0
What is the hundreds digit of 50341?
3
What is the thousands digit of 32008?
2
What is the thousands digit of 92445?
2
What is the tens digit of 104603?
0
What is the ten thousands digit of 21397?
2
What is the units digit of 590?
0
What is the hundreds digit of 859?
8
What is the thousands digit of 78569?
8
What is the units digit of 55099?
9
What is the ten thousands digit of 169433?
6
What is the units digit of 3207?
7
What is the units digit of 65896?
6
What is the hundreds digit of 695?
6
What is the units digit of 19050?
0
What is the hundreds digit of 501?
5
What is the thousands digit of 67628?
7
What is the thousands digit of 3331?
3
What is the units digit of 856?
6
What is the ten thousands digit of 92323?
9
What is the thousands digit of 10964?
0
What is the thousands digit of 1048?
1
What is the thousands digit of 2116?
2
What is the tens digit of 6379?
7
What is the tens digit of 1599?
9
What is the thousands digit of 1260?
1
What is the ten thousands digit of 18441?
1
What is the units digit of 978?
8
What is the hundreds digit of 14723?
7
What is the units digit of 4623?
3
What is the hundreds digit of 290?
2
What is the hundreds digit of 7345?
3
What is the tens digit of 182?
8
What is the thousands digit of 13763?
3
What is the hundreds digit of 33147?
1
What is the units digit of 3880?
0
What is the tens digit of 29096?
9
What is the units digit of 705?
5
What is the hundreds digit of 1553?
5
What is the tens digit of 411?
1
What is the hundreds digit of 5342?
3
What is the tens digit of 28594?
9
What is the thousands digit of 3944?
3
What is the hundreds digit of 1381?
3
What is the hundreds digit of 281?
2
What is the units digit of 919?
9
What is the thousands digit of 1607?
1
What is the units digit of 490?
0
What is the tens digit of 856?
5
What is the thousands digit of 75404?
5
What is the units digit of 565?
5
What is the thousands digit of 4386?
4
What is the ten thousands digit of 74764?
7
What is the tens digit of 2914?
1
What is the thousands digit of 3519?
3
What is the tens digit of 34259?
5
What is the hundreds digit of 947?
9
What is the units digit of 2064?
4
What is the thousands digit of 10677?
0
What is the units digit of 319?
9
What is the thousands digit of 3576?
3
What is the thousands digit of 15357?
5
What is the hundreds digit of 99196?
1
What is the hundreds digit of 11877?
8
What is the hundreds digit of 41304?
3
What is the units digit of 5?
5
What is the units digit of 30380?
0
What is the tens digit of 5455?
5
What is the hundreds digit of 658?
6
What is the thousands digit of 39796?
9
What is the units digit of 431?
1
What is the tens digit of 21834?
3
What is the tens digit of 5897?
9
What is the units digit of 2423?
3
What is the units digit of 135?
5
What is the units digit of 617?
7
What is the units digit of 784?
4
What is the tens digit of 6631?
3
What is the ten thousands digit of 16896?
1
What is the tens digit of 70747?
4
What is the tens digit of 5607?
0
What is the thousands digit of 1337?
1
What is the tens digit of 834?
3
What is the hundreds digit of 74945?
9
What is the thousands digit of 14272?
4
What is the units digit of 1973?
3
What is the hundreds digit of 278?
2
What is the thousands digit of 3411?
3
What is the thousands digit of 8654?
8
What is the tens digit of 794?
9
What is the hundreds digit of 218?
2
What is the hundreds digit of 192807?
8
What is the ten thousands digit of 14255?
1
What is the tens digit of 4953?
5
What is the hundreds digit of 14259?
2
What is the thousands digit of 109685?
9
What is the ten thousands digit of 99131?
9
What is the hundreds digit of 3977?
9
What is the units digit of 5322?
2
What is the thousands digit of 61356?
1
What is the hundreds digit of 3328?
3
What is the tens digit of 27854?
5
What is the hundreds digit of 49405?
4
What is the hundreds digit of 1631?
6
What is the tens digit of 855?
5
What is the thousands digit of 205321?
5
What is the tens digit of 7876?
7
What is the tens digit of 548?
4
What is the units digit of 7336?
6
What is the tens digit of 23673?
7
What is the tens digit of 3719?
1
What is the thousands digit of 6811?
6
What is the tens digit of 3611?
1
What is the units digit of 91247?
7
What is the tens digit of 2812?
1
What is the tens digit of 7025?
2
What is the units digit of 1688?
8
What is the tens digit of 166?
6
What is the units digit of 17563?
3
What is the thousands digit of 1024?
1
What is the tens digit of 44198?
9
What is the hundreds digit of 1440?
4
What is the hundreds digit of 88293?
2
What is the tens digit of 392?
9
What is the thousands digit of 60583?
0
What is the hundreds digit of 742?
7
What is the hundreds digit of 1146?
1
What is the thousands digit of 42160?
2
What is the hundreds digit of 926?
9
What is the units digit of 3309?
9
What is the ten thousands digit of 13300?
1
What is the units digit of 3505?
5
What is the hundreds digit of 300?
3
What is the units digit of 570?
0
What is the units digit of 398?
8
What is the tens digit of 6301?
0
What is the tens digit of 15226?
2
What is the thousands digit of 1496?
1
What is the hundreds digit of 13500?
5
What is the thousands digit of 1030?
1
What is the units digit of 6714?
4
What is the thousands digit of 10170?
0
What is the tens digit of 6987?
8
What is the hundreds digit of 15690?
6
What is the hundreds digit of 205?
2
What is the thousands digit of 19373?
9
What is the tens digit of 1102?
0
What is the units digit of 936?
6
What is the tens digit of 1